235
What is -20201322 (base 4) in base 5?
-2104223
331023 (base 4) to base 8
7513
-20130 (base 4) to base 7
-1401
What is -1111010001100 (base 2) in base 15?
-24b5
What is 7344 (base 8) in base 2?
111011100100
9063 (base 10) to base 4
2031213
-3033210 (base 4) to base 3
-200020000
Convert -681 (base 9) to base 6.
-2331
Convert 33777 (base 11) to base 9.
74004
-511e (base 15) to base 9
-25442
What is ac1 (base 14) in base 13?
c7a
896 (base 13) to base 8
2703
-1375 (base 8) to base 15
-360
Convert -341 (base 12) to base 7.
-1255
What is 2a82 (base 15) in base 5?
242442
What is 10648 (base 9) in base 2?
1101110110011
-2213 (base 11) to base 10
-2918
Convert -1c6 (base 14) to base 12.
-26a
What is -4433 (base 6) in base 16?
-405
15743 (base 9) to base 2
10101000111100
Convert -124606 (base 7) to base 10.
-23281
253054 (base 7) to base 13
18334
What is 201a (base 13) in base 5?
120132
1b6b0 (base 12) to base 7
226530
Convert -1010101 (base 2) to base 10.
-85
What is 2405 (base 6) in base 11?
489
-230 (base 8) to base 12
-108
Convert -5405 (base 6) to base 5.
-14404
What is 3020020 (base 4) in base 9?
18511
Convert 1227 (base 11) to base 7.
4446
452 (base 16) to base 4
101102
401241 (base 5) to base 15
3b66
Convert af8 (base 16) to base 6.
21000
What is -1260 (base 13) in base 15?
-b93
Convert 6260 (base 9) to base 15.
1560
Convert -235 (base 15) to base 4.
-13310
26665 (base 9) to base 5
1034131
Convert -27bb (base 12) to base 10.
-4607
What is 49c3 (base 14) in base 3?
122201012
-101010 (base 2) to base 13
-33
What is -1201 (base 5) in base 7?
-341
What is 2311 (base 5) in base 3?
110021
What is -150001 (base 6) in base 12?
-8301
What is 22030133 (base 4) in base 13?
16013
What is 1066 (base 8) in base 13?
347
Convert 11925 (base 14) to base 15.
cadc
-6112 (base 11) to base 16
-1fb8
What is -10050 (base 8) in base 10?
-4136
What is fec (base 16) in base 11?
3076
352 (base 15) to base 12
528
What is -1011220 (base 3) in base 2?
-1101011101
Convert -12585 (base 11) to base 7.
-103324
What is 6442 (base 8) in base 9?
4545
What is -1011 (base 7) in base 3?
-111000
What is 134403 (base 5) in base 14?
2083
What is 20102121 (base 3) in base 12?
2867
What is 11011011000 (base 2) in base 10?
1752
253 (base 6) to base 5
410
What is -546 (base 13) in base 16?
-387
8341 (base 13) to base 12
a5b4
What is 15579 (base 10) in base 13?
7125
Convert 16637 (base 13) to base 8.
123463
Convert -182 (base 14) to base 8.
-466
Convert 7b1 (base 12) to base 10.
1141
What is 2101202022 (base 3) in base 15?
debe
Convert 1000011001 (base 2) to base 4.
20121
What is 111314 (base 5) in base 12?
235b
8016 (base 9) to base 10
5847
531 (base 9) to base 3
121001
What is 1011110111110 (base 2) in base 14?
2302
13111 (base 6) to base 4
133003
What is 56 (base 14) in base 3?
2211
What is 135 (base 6) in base 9?
65
What is 4c29 (base 13) in base 5?
321401
What is -13573 (base 8) in base 6?
-43455
10324 (base 5) to base 9
873
-27058 (base 12) to base 16
-d184
Convert 603a (base 13) to base 16.
33af
1101111101011 (base 2) to base 4
1233223
Convert 138a (base 12) to base 10.
2266
-100601 (base 7) to base 5
-1021402
What is -12021222 (base 3) in base 10?
-3860
Convert 154a (base 16) to base 12.
31a2
-a085 (base 11) to base 13
-6140
Convert 1534 (base 6) to base 5.
3133
334 (base 14) to base 5
10014
Convert 144561 (base 8) to base 13.
1a61b
1002 (base 3) to base 9
32
Convert -11a94 (base 13) to base 14.
-bc25
Convert 6b53 (base 16) to base 15.
821a
What is -713 (base 16) in base 6?
-12215
Convert -ba05 (base 14) to base 3.
-1122002201
Convert -851 (base 11) to base 5.
-13044
What is -3503 (base 13) in base 14?
-29d5
Convert -100110001100 (base 2) to base 8.
-4614
Convert 3332101 (base 4) to base 15.
4c4d
Convert 1021220 (base 3) to base 5.
12232
1b23 (base 13) to base 8
7765
What is e9 (base 16) in base 11?
1a2
What is 14432 (base 6) in base 7?
6530
What is -bb05 (base 14) in base 2?
-111111001011001
-421 (base 9) to base 14
-1a7
-3b25 (base 12) to base 5
-204142
169 (base 16) to base 6
1401
What is 332310 (base 4) in base 5?
112040
-19e (base 15) to base 4
-11312
Convert -1020 (base 12) to base 6.
-12040
What is -5242 (base 6) in base 11?
-981
What is -30140 (base 7) in base 10?
-7280
What is -23713 (base 9) in base 10?
-15888
Convert 1314333 (base 5) to base 11.
18775
Convert -94 (base 11) to base 7.
-205
Convert -b26 (base 12) to base 10.
-1614
53544 (base 6) to base 15
2291
What is -670 (base 9) in base 12?
-399
What is -1011110011 (base 2) in base 14?
-3bd
-333 (base 15) to base 3
-222210
125374 (base 8) to base 9
66035
1332110 (base 5) to base 4
12220103
Convert 78283 (base 9) to base 8.
145434
What is 34a (base 11) in base 14?
21b
What is -2e35 (base 16) in base 7?
-46326
What is 166 (base 16) in base 13?
217
45 (base 16) to base 12
59
Convert 101001010 (base 2) to base 9.
406
Convert -8754 (base 9) to base 12.
-3894
What is 10123 (base 5) in base 9?
816
Convert 110100110011000 (base 2) to base 12.
13788
-3551 (base 11) to base 6
-33314
What is -151742 (base 8) in base 12?
-27482
-2824 (base 9) to base 15
-96d
3401 (base 6) to base 8
1431
What is -2666 (base 11) in base 12?
-2004
Convert 11734 (base 11) to base 16.
41d8
What is 211222020 (base 3) in base 15?
4e66
Convert 5254 (base 10) to base 15.
1854
What is b44b (base 13) in base 6?
311150
Convert 1081 (base 9) to base 16.
322
170 (base 14) to base 2
100100110
Convert 2132 (base 8) to base 13.
679
-110110010 (base 2) to base 14
-230
Convert 11b53 (base 13) to base 8.
77655
What is -1c47 (base 15) in base 12?
-367a
-1053 (base 13) to base 3
-10002220
Convert -12224 (base 6) to base 8.
-3430
-712 (base 16) to base 10
-1810
What is -19 (base 15) in base 12?
-20
Convert 10020 (base 4) to base 14.
14c
-613 (base 11) to base 9
-1012
Convert 5a77 (base 13) to base 12.
7485
Convert 414 (base 7) to base 4.
3033
What is -a64 (base 13) in base 16?
-6ec
What is -5976 (base 12) in base 13?
-4743
123012 (base 6) to base 13
5030
What is 1405 (base 6) in base 14?
1c1
Convert 113032 (base 5) to base 14.
171c
Convert 3780 (base 10) to base 7.
14010
What is 19958 (base 12) in base 7?
214526
1010112 (base 3) to base 10
824
-113014 (base 7) to base 6
-233424
Convert -1430 (base 5) to base 12.
-180
What is 159c1 (base 13) in base 8?
120410
deeb (base 16) to base 2
1101111011101011
Convert 574 (base 9) to base 3.
122111
Convert -18613 (base 12) to base 3.
-1210121120
What is -5c79 (base 14) in base 12?
-9443
11112 (base 4) to base 10
342
6421 (base 8) to base 14
130d
Convert 486 (base 11) to base 10.
578
Convert 602a (base 12) to base 9.
15237
Convert 62 (base 8) to base 5.
200
-71 (base 8) to base 13
-45
1540 (base 6) to base 7
1140
What is -31020 (base 5) in base 6?
-13150
What is 73001 (base 9) in base 2?
1011101111110011
10105 (base 6) to base 14
6b7
What is -14d4 (base 15) in base 2?
-1000101111010
Convert 2d2 (base 14) to base 8.
1100
What is 2046 (base 11) in base 12?
16a0
Convert -120 (base 11) to base 4.
-2033
Convert -110100032 (base 4) to base 3.
-11012210112
Convert 2006 (base 9) to base 7.
4161
-131003 (base 4) to base 16
-743
What is 17c (base 15) in base 13?
204
What is 27722 (base 9) in base 2?
100100101111100
-1344 (base 7) to base 13
-312
What is 12023 (base 4) in base 5?
3040
What is 111552 (base 6) in base 3?
111000212
13843 (base 9) to base 5
300220
Convert 551 (base 16) to base 7.
3653
Convert 15716 (base 8) to base 11.
5391
What is 127a (base 11) in base 9?
2244
-276 (base 14) to base 2
-111110000
What is 3293 (base 11) in base 13?
1c88
Convert -12ab9 (base 15) to base 12.
-2a733
What is -3223 (base 6) in base 3?
-1000020
2006 (base 11) to base 5
41133
-3073 (base 11) to base 15
-1318
Convert -10937 (base 12) to base 4.
-11120323
Convert -298 (base 13) to base 8.
-717
Convert 20d (base 14) to base 8.
625
What is 7ab (base 13) in base 9?
1731
12022221 (base 3) to base 11
2a13
Convert 10001100111001 (base 2) to base 13.
4148
Convert -11310033 (base 4) to base 3.
-1012200100
Convert 146a (base 12) to base 2.
100101010010
Convert 6157 (base 8) to base 2.
110001101111
Convert 7610 (base 8) to base 13.
1a6b
-2345 (base 7) to base 9
-1162
What is -1157 (base 9) in base 4?
-31132
Convert 208d (base 14) to base 15.
19e3
-1137 (base 1